v be 1/(-2 - -1) + 331 + 10. What is the highest common divisor of 136 and v?
68
Let a = 3 + 79. What is the highest common divisor of a and 533?
41
Let d = 4 - 4. Suppose d*r = -4*r + j + 168, 2*j = -4*r + 168. What is the greatest common factor of r and 14?
14
Let u(l) = -l**3 - 16*l**2 - 27*l + 26. Let y be u(-14). Let p be (-3)/(-21) - 110/(-14). Calculate the highest common divisor of y and p.
4
Let a = 724 + -458. What is the greatest common factor of 114 and a?
38
Suppose 5*r - 5 = -5*a, -3*r = -2*a + 9 - 12. What is the greatest common factor of r and 1?
1
Let t(h) = -24*h**3 + h**2. Let o be t(-2). Suppose -17*p = -69*p + 23*p + 406. Calculate the highest common factor of p and o.
14
Suppose -3724 = 50*s - 54*s. Calculate the highest common divisor of 19 and s.
19
Suppose 1087 = y + 2*y - 5*i, 0 = 3*y + i - 1111. Calculate the highest common factor of 82 and y.
41
Let i be (12/7)/(4/84). Let c be 3 - (-2 - -1 - 65). Let s = i + c. What is the greatest common divisor of 15 and s?
15
Let k(z) = -z**2 + 4*z + 14. Let y be k(0). What is the greatest common divisor of 4 and y?
2
Let b be (10/6)/(3/54). Let d be 2 + (-2541)/(-35) - (-2)/5. Calculate the greatest common factor of b and d.
15
Let d = 55 + -50. Let r be d*(0 - -1)/((-2)/(-2)). Suppose 0 = -5*s + 12 + 263. Calculate the highest common factor of s and r.
5
Let k(s) = -3*s - 60. Let b(a) = a + 30. Let d(l) = -7*b(l) - 3*k(l). Let t be d(18). Calculate the greatest common factor of 18 and t.
6
Suppose 0 = 5*g - 4*b - 44 - 21, 2*g = b + 23. What is the greatest common factor of g and 48?
3
Suppose -13*a + 9*a + 340 = 0. Suppose -13*g = -18*g + a. Let y be (-950)/(-7) - 4/(-14). What is the greatest common factor of y and g?
17
Suppose -373 = 7*n - 982. What is the highest common factor of 957 and n?
87
Let u = -72 + 77. Suppose -24 = h - 3*h + 4*j, 2*h - u*j = 24. What is the greatest common divisor of h and 2?
2
Let w = 6 - 2. Suppose -w = -12*p + 8*p. What is the greatest common divisor of 3 and p?
1
Suppose 20 = 4*x + 8. Suppose -2*a + 380 = 2*h - 3*a, 762 = 4*h - x*a. What is the highest common divisor of 21 and h?
21
Let i be (3 - -196 - -1)*(-18 + 19). What is the greatest common divisor of 5 and i?
5
Suppose 3*m = 6*s - s - 275, -2*s + 84 = 4*m. What is the highest common divisor of 104 and s?
52
Let d(k) = -k**2 - 7*k + 33. Let u be d(-10). Calculate the greatest common factor of 57 and u.
3
Suppose 0*q = -4*q - 332. Let a = q + 143. What is the greatest common factor of a and 12?
12
Let j(p) = -2*p + 7. Let u be j(0). Let z be 2 + 0 + 69 + 6. Calculate the greatest common factor of z and u.
7
Let f = -1 + -3. Let q(p) = -p**2 - 3*p + 4. Let l be q(f). Suppose l = -s + 6 + 4. Calculate the highest common factor of 110 and s.
10
Let c(d) = 10*d + 98. Let a be c(-9). Let u = -76 + 148. Calculate the greatest common divisor of u and a.
8
Let c = 10 - 8. Suppose -1 = -c*n + 3*n. Let w = 11 - n. What is the highest common factor of w and 24?
12
Let q(l) = 5*l + 12. Let f be q(-9). Let m be (22/f)/(1/(-3)). What is the highest common divisor of m and 8?
2
Let v(z) be the third derivative of z**4/2 - 4*z**3 + 28*z**2. Let i be v(5). Calculate the highest common divisor of 60 and i.
12
Suppose 2 = i + w, 10*i - 6*i - 3*w = 8. Calculate the greatest common factor of i and 162.
2
Let a be 11/3 - ((-228)/36)/19. What is the highest common factor of 288 and a?
4
Suppose -13*m + 354 = -10*m. Calculate the greatest common factor of 2 and m.
2
Suppose 5*o + 4*a - 2771 = 0, 27*a - 539 = -o + 30*a. Calculate the highest common factor of o and 29.
29
Let y be (-252)/(-45) + 2/5. Suppose 0 = -y*n + n + 80. Calculate the greatest common factor of n and 176.
16
Let f = -828 - -1318. Calculate the highest common divisor of 7 and f.
7
Let t be -2 + 4 - 1*2. Suppose 5*a + g - 19 = t, 0 = a + g + 3*g. Suppose a*b - 28 = 8. Calculate the highest common factor of b and 9.
9
Suppose 5*n - 6*n - 20 = 0. Let x be (20/(-6))/(n/30). What is the highest common divisor of x and 20?
5
Suppose -88 = -3*o - k, 0*o - 5*k - 140 = -5*o. Let x = 1037 - 718. What is the highest common factor of x and o?
29
Let p(d) = -d**3 + d + 7. Let v(s) = s**3 + 8*s**2. Let t be v(-8). Let f be p(t). Suppose -f*z = -5*z - 304. What is the highest common factor of 19 and z?
19
Suppose 53*x - 62*x = -1980. Let g be 2/6 + (-59)/(-3). Calculate the highest common factor of x and g.
20
Let t(y) = -4*y - 2. Let q be t(-5). Let p = -3857 + 3911. Calculate the highest common divisor of p and q.
18
Suppose -13*q - 924 = -3*c - 11*q, -5*c + 3*q + 1540 = 0. Calculate the greatest common divisor of 352 and c.
44
Suppose 3*x - 93 = s + 109, -4*x + 16 = 0. Let a be (-2)/(-6) + s/30. Let z be 2*((-33)/a - -3). What is the highest common factor of 85 and z?
17
Suppose r + 8 = -2*y, -5*r = -2*r + 4*y + 14. Suppose 0 = -6*x + r*x + 56. What is the highest common divisor of 14 and x?
14
Let c(u) = 6*u + 8*u - 3*u - 2*u. Let t be c(8). What is the highest common divisor of t and 8?
8
Suppose -4*f = 6 - 26. Suppose 0 = -z + 3*i + 36, f*z - 144 = 5*i + 76. Calculate the greatest common factor of z and 32.
16
Suppose j - 12 = -2*f + 3*j, 0 = -4*f - 5*j + 42. What is the greatest common divisor of 128 and f?
8
Let m(s) = s**3 + 25*s**2 + 150*s + 25. Let d be m(-14). What is the greatest common divisor of 4941 and d?
81
Let s be 21/((-4)/(-34) + (-42)/(-510)). Calculate the highest common divisor of 63 and s.
21
Suppose -157*p + 156*p + 55 = 0. What is the highest common divisor of p and 110?
55
Let h = 1949 - 1948. What is the greatest common divisor of 151 and h?
1
Let q be -4*5/10 - -4. Suppose q*c - 241 + 21 = 0. Calculate the highest common factor of 10 and c.
10
Let z be -1 + 38100/16 - 14/56. Calculate the highest common divisor of z and 85.
85
Suppose 74*k - 7*k - 146261 = 0. Calculate the greatest common divisor of k and 37.
37
Let z = 143 - 139. Let i be (-3)/z - 6321/(-28). What is the greatest common divisor of 90 and i?
45
Let a(q) = 2*q**2 - 42*q. Let b be a(21). Suppose b*z = z - 16. Calculate the highest common factor of z and 144.
16
Let d(j) = 57*j**3 - j**2. Let x be d(1). Let c(f) = 8*f**2 + f + 1. Let q be c(-1). Calculate the highest common factor of q and x.
8
Let d(r) = -r**2 - 4*r + 2. Suppose 5*i + 10 = -10. Let j be d(i). Suppose -16 = b - j*b. What is the greatest common factor of b and 32?
16
Let h(o) = -74*o**3 + 1. Let m be h(-1). Let s = 180 - m. Calculate the highest common factor of 15 and s.
15
Let v be 12/(-15)*9555/(-14). Calculate the greatest common factor of v and 42.
42
Let d = 15 - 9. Let a(w) = -7*w - 184. Let h be a(-28). What is the greatest common divisor of h and d?
6
Suppose 0 = -5*w + 10*w - 225. Calculate the highest common divisor of w and 144.
9
Let k be (-2)/6 + 15064/21 + 8. What is the highest common factor of 25 and k?
25
Suppose -489*h = -492*h + 72. Calculate the greatest common divisor of h and 24.
24
Let b be 7*(-1)/(21/8)*-108. What is the highest common divisor of b and 54?
18
Suppose 23*u - 25*u = -952. What is the greatest common divisor of u and 357?
119
Let h = 344 + -293. Calculate the highest common divisor of 969 and h.
51
Let u = 50 + -48. What is the greatest common divisor of u and 14?
2
Let w(q) = -q**2 - 30*q + 16. Let y be w(-30). What is the highest common divisor of y and 560?
16
Let z be 293 + 14/(-7) + 4. What is the highest common divisor of z and 118?
59
Suppose -257*l = -256*l - 10. Calculate the greatest common divisor of 470 and l.
10
Let o be 15234/7*1 + (-56)/196. What is the greatest common factor of o and 68?
68
Let r(n) = 2*n**2 + 3*n - 13. Let j be r(-13). Suppose 0 = 4*z + 46 - j. What is the greatest common divisor of 15 and z?
15
Suppose -x - 2*x = 5*t + 182, 4*t = 4*x - 120. Let p = 22 - t. Calculate the highest common factor of p and 84.
28
Let c(j) = 2*j - 2. Let i be c(-5). Let k be (-2)/(-6)*-1 - 76/i. What is the greatest common divisor of 21 and k?
3
Let m = -1752 - -1820. Calculate the highest common divisor of 306 and m.
34
Suppose -2*y + 3*h + 13 = 0, 57 = y + 2*y + 3*h. Let s be 21/6*28/49. What is the greatest common divisor of y and s?
2
Let s = -91 - -623. What is the highest common factor of 133 and s?
133
Let l(h) = 8*h**2 - 2*h - 24. Let p